*q + 15, 5*q - 2*t = d. What is the highest common divisor of q and 10?
2
Suppose 5*f - 3*j - 15 = -j, 0 = -2*j. Suppose 5*u + 24 = w, f*w = -4*u + 2*u + 21. Calculate the highest common divisor of w and 1.
1
Suppose -7 = -4*t + 5. Suppose k - x = 2*x + 7, 73 = 4*k + t*x. What is the greatest common divisor of 2 and k?
2
Let g be 7/35 + 8468/10. Let t be (g/14)/(2/4). Let i = 11 + 0. What is the greatest common factor of t and i?
11
Suppose -2*u - 4*n = 20, u - 2*u - 5*n + 2 = 0. Let r be (u/15)/(3/(-50)). Calculate the greatest common divisor of r and 10.
10
Let k be 2/2 - (-8 - -12). Let x be ((2 - 120) + k)*-1. What is the greatest common factor of x and 11?
11
Let k be (0/(-2) + 1)*-1. Let v be k*3*(-2 + 1). Suppose -v*t + 5*u + 24 = 0, 0 = 2*t + 4*u - u - 35. Calculate the highest common factor of t and 13.
13
Suppose -4*o - 116 = -4*d + o, 4*d - 2*o = 104. What is the highest common factor of 24 and d?
24
Let q(i) = -i**2 + 3. Let p be q(0). Let x be 21 + 0 - 3/p. Calculate the greatest common factor of x and 10.
10
Suppose 0 = 4*w + 5 + 3, 96 = 2*k + 3*w. Let g = 39 + -22. What is the greatest common factor of g and k?
17
Let s = 50 - 47. Calculate the highest common divisor of 3 and s.
3
Let v be ((-13)/(-1))/(3/12). Suppose -t + 3 = -10. Calculate the greatest common factor of v and t.
13
Let h(z) = -2*z**2 - 41*z + 10. Let x be h(-20). Suppose k = 4*v - 47, -6*v - 4*k + 40 = -3*v. What is the highest common factor of x and v?
6
Let m be -9*(-2 + (-136)/12). Calculate the highest common factor of 15 and m.
15
Suppose -4*n - 8 = 4. Let d be (n - -1 - -1)*-2. Suppose 3*o = 6*o - 4*a - 24, 0 = -o - d*a + 18. Calculate the greatest common factor of o and 84.
12
Let z be 0 + -1 + 7 + -6. Let d be z/1 - (0 + -6). Let k be (21 - 3)*28/d. What is the greatest common divisor of k and 12?
12
Suppose 12 = m - 4. What is the highest common factor of m and 144?
16
Let o be (0 + -4)*(-2)/2. Let w(g) = g**2 + 14*g + 28. Let f be w(-14). Calculate the greatest common divisor of o and f.
4
Suppose 4*b = -5*g + 68, b + 54 = 5*g - 2*b. Calculate the greatest common divisor of 3 and g.
3
Suppose -5*s = z - 139, -2*z - 89 = -3*s + 3*z. Let m be s/6 - (-3)/9. Suppose -3*c = c - 220. Calculate the highest common divisor of c and m.
5
Let k = 3 - -4. Let m(h) = h**3 - 7*h**2 + 6*h - 7. Let g be m(7). Calculate the greatest common divisor of k and g.
7
Let x be (-3)/4 + 585/12. What is the greatest common divisor of 6 and x?
6
Let o = 39 + -33. Calculate the highest common divisor of 4 and o.
2
Suppose 2*i = 2*h - 192, 5*i + 207 = 2*h - 0*i. What is the highest common factor of h and 13?
13
Let l = -10 - -16. Suppose l*k = 3*k + 15. Let a = 188 + -133. Calculate the greatest common divisor of a and k.
5
Let i be 2/((-8)/(-2) - 3). Suppose -i*c - 3*c + 15 = 0. Suppose -c*g - 46 = -5*k, 5*k = -0*k + g + 52. Calculate the highest common divisor of k and 22.
11
Let p(g) = g**2 + 13*g + 12. Let z be p(-10). Let r be ((-3)/(-2))/(z/(-24)). What is the greatest common factor of r and 1?
1
Let l = -39 + 9. Let n be (l/(-9))/5*18. Calculate the highest common divisor of n and 3.
3
Let w = -39 - -129. Calculate the highest common factor of 30 and w.
30
Let t(d) = 5*d**2 + 3*d - 1. Let c be t(2). What is the greatest common factor of 75 and c?
25
Suppose -4*c + 10 = -3*c. What is the highest common divisor of c and 4?
2
Let p be 10/((-5)/(70/(-4))). Let b be 4*3/(3/8). Let q = b - 18. What is the greatest common factor of p and q?
7
Let n(b) = -b + 13. Let w be n(7). What is the highest common divisor of w and 6?
6
Let q = -111 - -135. Let z be -2 + (-1)/((-1)/6). Suppose z*j - 3*g - 255 = 0, -j + 3*g + 135 = j. What is the greatest common factor of j and q?
12
Suppose -11 = -4*o - d + 180, 0 = 3*o - 4*d - 148. Let a = -14 - -26. Calculate the highest common divisor of o and a.
12
Suppose -4 = -17*l + 15*l. What is the greatest common divisor of 8 and l?
2
Let l be (2/(-1))/(-1) - -4. Let z be 284/6 + (-4)/(-6). Calculate the greatest common divisor of l and z.
6
Suppose 2*j = 60 + 210. What is the greatest common divisor of j and 15?
15
Let d = -19 + 18. Let m be 3/3 - 8*d. Suppose 345 = 2*j + 3*j + 3*n, n + 365 = 5*j. What is the greatest common divisor of m and j?
9
Let b(h) = -h**3 + h**2 - h - 4. Let j be b(-4). What is the greatest common factor of j and 32?
16
Let w(r) = r**3 - 12*r**2 + 4*r - 40. Let b be w(12). Calculate the highest common factor of b and 4.
4
Let i be (-44)/(-3) - 1/(-3). Let c = -5 + 5. Suppose 12 = 4*n - c*n. What is the greatest common divisor of n and i?
3
Let o = 2 + -1. Let v be 4 + -2 + 3 + 0. Let r(s) = s - 2. Let m be r(v). What is the greatest common factor of o and m?
1
Suppose 33 = s + 7. Let v(r) = 7*r**3 + 2*r**2 - r + 4. Let n be v(3). What is the greatest common factor of n and s?
26
Let y(o) = -o**3 + 12*o**2 - 18*o + 9. Let c be y(8). Suppose 0 = -2*k - 5 - 11. Let u = k - -19. Calculate the highest common divisor of u and c.
11
Suppose 2*v + 19 = v. Let z = v - -27. What is the highest common divisor of z and 48?
8
Suppose -3 = 3*s, 3*i - 2*s = -7*s + 52. Calculate the highest common factor of i and 133.
19
Suppose 18 = -2*s - 14. Let m = s - -26. Calculate the greatest common factor of 90 and m.
10
Let d be -7*(-2 + -1 + 2). Let p = 15 - d. What is the highest common divisor of p and 72?
8
Suppose -5*l = a + a - 340, -2*l - 4*a + 120 = 0. Suppose 10 = 4*f - 74. Let n = -7 + f. Calculate the highest common divisor of n and l.
14
Let x = 11 - 8. What is the highest common divisor of 3 and x?
3
Let y = 4 + -4. Let i be 1 - (y - 11) - 0. Let n be (16/(-10))/(-1)*5. Calculate the highest common factor of n and i.
4
Suppose -2*m + 3*m = 0, -24 = -v + m. Let l be 2/3 - (-2)/6. Let q be (v/15 - l)*15. What is the highest common divisor of 45 and q?
9
Suppose 0 = -5*w - 5*q + 219 + 1731, -2*w + 750 = -4*q. What is the highest common divisor of w and 35?
35
Suppose 34 + 24 = 3*r + 5*j, -2*r + 22 = -5*j. Let s = r - 10. Calculate the greatest common divisor of 30 and s.
6
Let v(p) be the second derivative of -p**5/20 + p**4/2 - p**3/3 - p**2 + p. Let c = 12 - 8. Let r be v(c). What is the highest common factor of 11 and r?
11
Suppose 0 = -4*r + 2*d + 154, -4*d - 54 - 2 = -r. Let k(v) = 91*v - 1. Let x be k(1). What is the highest common divisor of r and x?
18
Let o = -14 + 23. Calculate the greatest common divisor of 63 and o.
9
Let p(q) = q**2 - 5*q + 6. Let i be p(7). Suppose -2*w + 16 = 2*m, m = 3*m - 5*w + 5. Calculate the greatest common factor of m and i.
5
Let z = 36 + -22. What is the highest common divisor of z and 70?
14
Suppose -5*l = 4*t - 15, 4*l - 8 = t + 4. Suppose 3*q - 21 - 9 = t. What is the greatest common factor of 50 and q?
10
Suppose 0*f + 5*f = 10. Suppose f*t + t = 18. What is the greatest common factor of t and 4?
2
Let i be -3*(1 - 2) + 2. Suppose 5*l + 5*x = 5, 9*x - i = 4*x. Suppose l = -t - 3*t + 20. Calculate the highest common divisor of 20 and t.
5
Suppose 5*h + 2*i + 45 = -3*i, -5*h - 4*i = 48. Let p = h + 35. Calculate the greatest common divisor of p and 23.
23
Let g(m) be the third derivative of m**6/120 + m**5/60 + m**4/24 - m**2. Let a be g(2). Let w = -133 + 231. Calculate the greatest common factor of a and w.
14
Let u(v) = -7*v + 9. Let q(n) = -1. Let d(t) = 6*q(t) + u(t). Let w be d(-6). Calculate the greatest common divisor of 30 and w.
15
Let l = -611 + 365. Let j = -106 - l. What is the highest common divisor of j and 20?
20
Suppose -2*t - 2*t + 24 = 0. Calculate the greatest common factor of t and 48.
6
Let w(z) = 10*z + 4 - z**2 + 3*z**2 + 3. Suppose -s + 6*s - 5*x = -40, 4*s + x + 22 = 0. Let f be w(s). Calculate the highest common divisor of f and 19.
19
Let s = 30 + 18. Calculate the greatest common divisor of 120 and s.
24
Let t = 34 + -16. Calculate the highest common factor of t and 27.
9
Suppose 2 = 5*d - 8. Suppose -6*m + 16 = -d*m. Suppose 0*l = -2*l + 4*y + 20, -4*y + 16 = l. Calculate the greatest common factor of m and l.
4
Let x(h) = -4*h**2 - 2*h + 2*h**3 - 4*h**3 + h**3 + 6. Let m be x(-6). Calculate the highest common factor of 10 and m.
10
Suppose 4*m = 2*m. Suppose -5*x - 94 - 10 = -4*o, -2*o - x + 52 = m. What is the greatest common divisor of 234 and o?
26
Let j b